{"id":4194,"date":"2020-07-17T04:54:07","date_gmt":"2020-07-17T04:54:07","guid":{"rendered":"http:\/\/wpdemo.archiwp.com\/theratio\/?page_id=4194"},"modified":"2020-07-17T04:54:07","modified_gmt":"2020-07-17T04:54:07","slug":"portfolio-slider","status":"publish","type":"page","link":"https:\/\/www.defansendustri.com\/index.php\/portfolio-slider\/","title":{"rendered":"Portfolio Slider"},"content":{"rendered":"\t\t<div data-elementor-type=\"wp-page\" data-elementor-id=\"4194\" class=\"elementor elementor-4194\">\n\t\t\t\t\t\t\t\t\t<section class=\"elementor-section elementor-top-section elementor-element elementor-element-1c8c6a5 elementor-section-boxed elementor-section-height-default elementor-section-height-default\" data-id=\"1c8c6a5\" data-element_type=\"section\">\n\t\t\t\t\t\t<div class=\"elementor-container elementor-column-gap-default\">\n\t\t\t\t\t<div class=\"elementor-column elementor-col-100 elementor-top-column elementor-element elementor-element-90188a7 ot-flex-column-vertical\" data-id=\"90188a7\" data-element_type=\"column\">\n\t\t\t<div class=\"elementor-widget-wrap elementor-element-populated\">\n\t\t\t\t\t\t\t\t<div class=\"elementor-element elementor-element-3cdaf56 theratio-align-center elementor-widget elementor-widget-iheading\" data-id=\"3cdaf56\" data-element_type=\"widget\" data-widget_type=\"iheading.default\">\n\t\t\t\t<div class=\"elementor-widget-container\">\n\t\t\t\t\t<div class=\"ot-heading is-dots\">\r\n\t        \t            <span>[ our portfolio ]<\/span>\r\n\t        \t        <h2 class=\"main-heading\">Some of Our Works<br>  and Case Studies for Clients<\/h2>\r\n\t        \t    <\/div>\r\n\t    \t\t<\/div>\n\t\t\t\t<\/div>\n\t\t\t\t<div class=\"elementor-element elementor-element-fc36588 elementor-widget elementor-widget-irprojects\" data-id=\"fc36588\" data-element_type=\"widget\" data-widget_type=\"irprojects.default\">\n\t\t\t\t<div class=\"elementor-widget-container\">\n\t\t\t\t\t<div class=\"project-slider projects-grid swiper-container style-1 img-scale\"  data-show=\"3\" data-show-tablet=\"\" data-show-mobile=\"\" data-scroll=\"\" data-scroll-tablet=\"\" data-scroll-mobile=\"\" data-gaps=\"\" data-gaps-tablet=\"\" data-gaps-mobile=\"\">\r\n\t\t\t<div class=\"swiper-wrapper\">\r\n\t\t\t\t<div class=\"project-items swiper-slide\">\r\n\t<div class=\"projects-box\">\r\n\t\t<div class=\"projects-thumbnail\">\r\n\t\t\t<a href=\"https:\/\/www.defansendustri.com\/index.php\/portfolio\/kapali-atis\/\">\r\n\t\t\t\t\t\t\t<\/a>\r\n\t\t\t<span class=\"overlay\"><i class=\"ot-flaticon-add\"><\/i><\/span>\r\n\t\t<\/div>\r\n\t\t<div class=\"portfolio-info\">\r\n\t\t\t<div class=\"portfolio-info-inner\">\r\n\t\t\t\t<h5><a class=\"title-link\" href=\"https:\/\/www.defansendustri.com\/index.php\/portfolio\/kapali-atis\/\">Kapal\u0131 At\u0131\u015f Poligon \u0130malat\u0131<\/a><\/h5>\r\n\t\t\t\t \r\n\t\t\t<\/div>\r\n\t\t\t<a class=\"overlay\" href=\"https:\/\/www.defansendustri.com\/index.php\/portfolio\/kapali-atis\/\"><\/a>\r\n\t\t<\/div>\r\n\t<\/div>\r\n<\/div>\r\n<div class=\"project-items swiper-slide\">\r\n\t<div class=\"projects-box\">\r\n\t\t<div class=\"projects-thumbnail\">\r\n\t\t\t<a href=\"https:\/\/www.defansendustri.com\/index.php\/portfolio\/yari-acik\/\">\r\n\t\t\t\t<img width=\"720\" height=\"632\" src=\"https:\/\/www.defansendustri.com\/wp-content\/uploads\/2019\/11\/J-1-e1680706314111-720x632.png\" class=\"attachment-theratio-portfolio-thumbnail-grid size-theratio-portfolio-thumbnail-grid wp-post-image\" alt=\"\" decoding=\"async\" loading=\"lazy\" \/>\t\t\t<\/a>\r\n\t\t\t<span class=\"overlay\"><i class=\"ot-flaticon-add\"><\/i><\/span>\r\n\t\t<\/div>\r\n\t\t<div class=\"portfolio-info\">\r\n\t\t\t<div class=\"portfolio-info-inner\">\r\n\t\t\t\t<h5><a class=\"title-link\" href=\"https:\/\/www.defansendustri.com\/index.php\/portfolio\/yari-acik\/\">Yar\u0131 A\u00e7\u0131k At\u0131\u015f Poligon \u0130malat\u0131<\/a><\/h5>\r\n\t\t\t\t \r\n\t\t\t<\/div>\r\n\t\t\t<a class=\"overlay\" href=\"https:\/\/www.defansendustri.com\/index.php\/portfolio\/yari-acik\/\"><\/a>\r\n\t\t<\/div>\r\n\t<\/div>\r\n<\/div>\r\n<div class=\"project-items swiper-slide\">\r\n\t<div class=\"projects-box\">\r\n\t\t<div class=\"projects-thumbnail\">\r\n\t\t\t<a href=\"https:\/\/www.defansendustri.com\/index.php\/portfolio\/interaktif\/\">\r\n\t\t\t\t<img width=\"700\" height=\"623\" src=\"https:\/\/www.defansendustri.com\/wp-content\/uploads\/2019\/11\/Interaktif-Poligon-Imalati.png\" class=\"attachment-theratio-portfolio-thumbnail-grid size-theratio-portfolio-thumbnail-grid wp-post-image\" alt=\"\" decoding=\"async\" loading=\"lazy\" srcset=\"https:\/\/www.defansendustri.com\/wp-content\/uploads\/2019\/11\/Interaktif-Poligon-Imalati.png 700w, https:\/\/www.defansendustri.com\/wp-content\/uploads\/2019\/11\/Interaktif-Poligon-Imalati-300x267.png 300w\" sizes=\"(max-width: 700px) 100vw, 700px\" \/>\t\t\t<\/a>\r\n\t\t\t<span class=\"overlay\"><i class=\"ot-flaticon-add\"><\/i><\/span>\r\n\t\t<\/div>\r\n\t\t<div class=\"portfolio-info\">\r\n\t\t\t<div class=\"portfolio-info-inner\">\r\n\t\t\t\t<h5><a class=\"title-link\" href=\"https:\/\/www.defansendustri.com\/index.php\/portfolio\/interaktif\/\">\u0130nteraktif Poligon \u0130malat\u0131<\/a><\/h5>\r\n\t\t\t\t \r\n\t\t\t<\/div>\r\n\t\t\t<a class=\"overlay\" href=\"https:\/\/www.defansendustri.com\/index.php\/portfolio\/interaktif\/\"><\/a>\r\n\t\t<\/div>\r\n\t<\/div>\r\n<\/div>\r\n<div class=\"project-items swiper-slide\">\r\n\t<div class=\"projects-box\">\r\n\t\t<div class=\"projects-thumbnail\">\r\n\t\t\t<a href=\"https:\/\/www.defansendustri.com\/index.php\/portfolio\/mobil-poligon\/\">\r\n\t\t\t\t<img width=\"571\" height=\"428\" src=\"https:\/\/www.defansendustri.com\/wp-content\/uploads\/2023\/02\/ddqff.png\" class=\"attachment-theratio-portfolio-thumbnail-grid size-theratio-portfolio-thumbnail-grid wp-post-image\" alt=\"\" decoding=\"async\" loading=\"lazy\" srcset=\"https:\/\/www.defansendustri.com\/wp-content\/uploads\/2023\/02\/ddqff.png 571w, https:\/\/www.defansendustri.com\/wp-content\/uploads\/2023\/02\/ddqff-300x225.png 300w\" sizes=\"(max-width: 571px) 100vw, 571px\" \/>\t\t\t<\/a>\r\n\t\t\t<span class=\"overlay\"><i class=\"ot-flaticon-add\"><\/i><\/span>\r\n\t\t<\/div>\r\n\t\t<div class=\"portfolio-info\">\r\n\t\t\t<div class=\"portfolio-info-inner\">\r\n\t\t\t\t<h5><a class=\"title-link\" href=\"https:\/\/www.defansendustri.com\/index.php\/portfolio\/mobil-poligon\/\">Mobil Poligon \u0130malat\u0131<\/a><\/h5>\r\n\t\t\t\t \r\n\t\t\t<\/div>\r\n\t\t\t<a class=\"overlay\" href=\"https:\/\/www.defansendustri.com\/index.php\/portfolio\/mobil-poligon\/\"><\/a>\r\n\t\t<\/div>\r\n\t<\/div>\r\n<\/div>\r\n<div class=\"project-items swiper-slide\">\r\n\t<div class=\"projects-box\">\r\n\t\t<div class=\"projects-thumbnail\">\r\n\t\t\t<a href=\"https:\/\/www.defansendustri.com\/index.php\/portfolio\/savunma-sanayi\/\">\r\n\t\t\t\t<img width=\"571\" height=\"428\" src=\"https:\/\/www.defansendustri.com\/wp-content\/uploads\/2023\/02\/fff-1.png\" class=\"attachment-theratio-portfolio-thumbnail-grid size-theratio-portfolio-thumbnail-grid wp-post-image\" alt=\"\" decoding=\"async\" loading=\"lazy\" srcset=\"https:\/\/www.defansendustri.com\/wp-content\/uploads\/2023\/02\/fff-1.png 571w, https:\/\/www.defansendustri.com\/wp-content\/uploads\/2023\/02\/fff-1-300x225.png 300w\" sizes=\"(max-width: 571px) 100vw, 571px\" \/>\t\t\t<\/a>\r\n\t\t\t<span class=\"overlay\"><i class=\"ot-flaticon-add\"><\/i><\/span>\r\n\t\t<\/div>\r\n\t\t<div class=\"portfolio-info\">\r\n\t\t\t<div class=\"portfolio-info-inner\">\r\n\t\t\t\t<h5><a class=\"title-link\" href=\"https:\/\/www.defansendustri.com\/index.php\/portfolio\/savunma-sanayi\/\">Savunma Sanayi At\u0131\u015f Merkezleri Poligonlar\u0131<\/a><\/h5>\r\n\t\t\t\t \r\n\t\t\t<\/div>\r\n\t\t\t<a class=\"overlay\" href=\"https:\/\/www.defansendustri.com\/index.php\/portfolio\/savunma-sanayi\/\"><\/a>\r\n\t\t<\/div>\r\n\t<\/div>\r\n<\/div>\r\n<div class=\"project-items swiper-slide\">\r\n\t<div class=\"projects-box\">\r\n\t\t<div class=\"projects-thumbnail\">\r\n\t\t\t<a href=\"https:\/\/www.defansendustri.com\/index.php\/portfolio\/hedef-sistemleri\/\">\r\n\t\t\t\t<img width=\"571\" height=\"428\" src=\"https:\/\/www.defansendustri.com\/wp-content\/uploads\/2023\/02\/ccd.png\" class=\"attachment-theratio-portfolio-thumbnail-grid size-theratio-portfolio-thumbnail-grid wp-post-image\" alt=\"\" decoding=\"async\" loading=\"lazy\" srcset=\"https:\/\/www.defansendustri.com\/wp-content\/uploads\/2023\/02\/ccd.png 571w, https:\/\/www.defansendustri.com\/wp-content\/uploads\/2023\/02\/ccd-300x225.png 300w\" sizes=\"(max-width: 571px) 100vw, 571px\" \/>\t\t\t<\/a>\r\n\t\t\t<span class=\"overlay\"><i class=\"ot-flaticon-add\"><\/i><\/span>\r\n\t\t<\/div>\r\n\t\t<div class=\"portfolio-info\">\r\n\t\t\t<div class=\"portfolio-info-inner\">\r\n\t\t\t\t<h5><a class=\"title-link\" href=\"https:\/\/www.defansendustri.com\/index.php\/portfolio\/hedef-sistemleri\/\">Hedef Sistemleri<\/a><\/h5>\r\n\t\t\t\t \r\n\t\t\t<\/div>\r\n\t\t\t<a class=\"overlay\" href=\"https:\/\/www.defansendustri.com\/index.php\/portfolio\/hedef-sistemleri\/\"><\/a>\r\n\t\t<\/div>\r\n\t<\/div>\r\n<\/div>\r\n\t\t\t<\/div>\r\n\t\t\t\t\t\t\t\t\t<!-- Add Dots -->\r\n\t\t\t<div class=\"octf-swiper-pagination\"><\/div>\r\n\t\t\t\t    <\/div>\r\n\t    \t\t<\/div>\n\t\t\t\t<\/div>\n\t\t\t\t\t<\/div>\n\t\t<\/div>\n\t\t\t\t\t\t\t<\/div>\n\t\t<\/section>\n\t\t\t\t\t\t\t<\/div>\n\t\t","protected":false},"excerpt":{"rendered":"<p>[ our portfolio ] Some of Our Works and Case Studies for Clients Stylish Family Appartment Interior Minimal Guests House DecorInterior Art Family Residence Architecture Private House in Spain Furniture Modern Villa in Belgium Furniture<\/p>\n","protected":false},"author":1,"featured_media":0,"parent":0,"menu_order":0,"comment_status":"closed","ping_status":"closed","template":"","meta":[],"_links":{"self":[{"href":"https:\/\/www.defansendustri.com\/index.php\/wp-json\/wp\/v2\/pages\/4194"}],"collection":[{"href":"https:\/\/www.defansendustri.com\/index.php\/wp-json\/wp\/v2\/pages"}],"about":[{"href":"https:\/\/www.defansendustri.com\/index.php\/wp-json\/wp\/v2\/types\/page"}],"author":[{"embeddable":true,"href":"https:\/\/www.defansendustri.com\/index.php\/wp-json\/wp\/v2\/users\/1"}],"replies":[{"embeddable":true,"href":"https:\/\/www.defansendustri.com\/index.php\/wp-json\/wp\/v2\/comments?post=4194"}],"version-history":[{"count":0,"href":"https:\/\/www.defansendustri.com\/index.php\/wp-json\/wp\/v2\/pages\/4194\/revisions"}],"wp:attachment":[{"href":"https:\/\/www.defansendustri.com\/index.php\/wp-json\/wp\/v2\/media?parent=4194"}],"curies":[{"name":"wp","href":"https:\/\/api.w.org\/{rel}","templated":true}]}}